{"id":10963,"date":"2017-10-25T10:39:41","date_gmt":"2017-10-25T08:39:41","guid":{"rendered":"https:\/\/www.gassien.com\/produit\/wandregal-sienna\/"},"modified":"2017-10-25T10:39:41","modified_gmt":"2017-10-25T08:39:41","slug":"wandregal-sienna","status":"publish","type":"product","link":"https:\/\/www.gassien.com\/de\/produkt\/wandregal-sienna\/","title":{"rendered":"Wandregal Sienna"},"content":{"rendered":"<p><strong>Regal bestehend aus<\/strong>:<\/p>\n<ul>\n<li>1 Wandbasis GF L80cm, H77cm<\/li>\n<li>1 Brett L40cm, T15cm<\/li>\n<li>1 Brett L40cm, T20cm<\/li>\n<li>1 Brett L60cm, T15cm<\/li>\n<li>1 Brett L60cm, T20cm<\/li>\n<li>4 Paar Aufh\u00e4ngungen T1<\/li>\n<\/ul>\n<p><strong>Materialien<\/strong><\/p>\n<p>Wandbasis: pulverbeschichteter Stahl<\/p>\n<p>Bretter: Holz aus nachhaltiger Forstwirtschaft, l\u00f6semittelfreie Farben und Lacke; massives Eichenholz mit Lackierung, Birken-Multiplex mit Lackierung, schwarz oder wei\u00df lackierte MDF<\/p>\n<p><strong>Hergestellt<\/strong> in Frankreich<\/p>\n<p><b>Zul\u00e4ssiges Maximalgewicht<\/b>: 15kg pro Brett, vorausgesetzt, dass die f\u00fcr die Wandbasen verwendeten Befestigungen zur Beschaffenheit der Wand passen<\/p>\n<p><b>Verpackung:<\/b> Set bestehend aus Wandbasis(en), Brettern und Aufh\u00e4ngungen<\/p>\n<p>Zur Selbstmontage<\/p>\n<p>&nbsp;<\/p>\n","protected":false},"excerpt":{"rendered":"<p>Regal bestehend aus: 1 Wandbasis GF L80cm, H77cm 1 Brett L40cm, T15cm 1 Brett L40cm, T20cm 1 Brett L60cm, T15cm 1 Brett L60cm, T20cm 4 Paar Aufh\u00e4ngungen T1 Materialien Wandbasis: pulverbeschichteter Stahl Bretter: Holz aus nachhaltiger Forstwirtschaft, l\u00f6semittelfreie Farben und Lacke; massives Eichenholz mit Lackierung, Birken-Multiplex mit Lackierung, schwarz oder wei\u00df lackierte MDF Hergestellt in<\/p>\n<div><a class=\"btn-filled btn\" href=\"https:\/\/www.gassien.com\/de\/produkt\/wandregal-sienna\/\" title=\"Wandregal Sienna\">Read More<\/a><\/div>\n","protected":false},"featured_media":10976,"template":"","meta":[],"product_brand":[],"product_cat":[230],"product_tag":[260],"class_list":{"0":"post-10963","1":"product","2":"type-product","3":"status-publish","4":"has-post-thumbnail","6":"product_cat-regale","7":"product_tag-gassien-regale","9":"first","10":"instock","11":"taxable","12":"shipping-taxable","13":"purchasable","14":"product-type-variable","15":"has-default-attributes"},"yoast_head":"<!-- This site is optimized with the Yoast SEO plugin v27.4 - https:\/\/yoast.com\/product\/yoast-seo-wordpress\/ -->\n<title>Wandregal Sienna - Gassien Paris - Online-Kauf<\/title>\n<meta name=\"description\" content=\"Wandregal Sienna, individualisierbar. W\u00e4hlen Sie aus 3 Farben f\u00fcr die Basen und 4 Oberfl\u00e4chenvarianten f\u00fcr die Regalbretter. Hergestellt in Frankreich. Gassien\" \/>\n<meta name=\"robots\" content=\"index, follow, max-snippet:-1, max-image-preview:large, max-video-preview:-1\" \/>\n<link rel=\"canonical\" href=\"https:\/\/www.gassien.com\/de\/produkt\/wandregal-sienna\/\" \/>\n<meta property=\"og:locale\" content=\"de_DE\" \/>\n<meta property=\"og:type\" content=\"article\" \/>\n<meta property=\"og:title\" content=\"Wandregal Sienna - Gassien Paris - Online-Kauf\" \/>\n<meta property=\"og:description\" content=\"Wandregal Sienna, individualisierbar. W\u00e4hlen Sie aus 3 Farben f\u00fcr die Basen und 4 Oberfl\u00e4chenvarianten f\u00fcr die Regalbretter. Hergestellt in Frankreich. Gassien\" \/>\n<meta property=\"og:url\" content=\"https:\/\/www.gassien.com\/de\/produkt\/wandregal-sienna\/\" \/>\n<meta property=\"og:site_name\" content=\"Gassien\" \/>\n<meta property=\"article:publisher\" content=\"https:\/\/www.facebook.com\/gassienparis\" \/>\n<meta name=\"twitter:card\" content=\"summary_large_image\" \/>\n<script type=\"application\/ld+json\" class=\"yoast-schema-graph\">{\"@context\":\"https:\\\/\\\/schema.org\",\"@graph\":[{\"@type\":\"WebPage\",\"@id\":\"https:\\\/\\\/www.gassien.com\\\/de\\\/produkt\\\/wandregal-sienna\\\/\",\"url\":\"https:\\\/\\\/www.gassien.com\\\/de\\\/produkt\\\/wandregal-sienna\\\/\",\"name\":\"Wandregal Sienna - Gassien Paris - Online-Kauf\",\"isPartOf\":{\"@id\":\"https:\\\/\\\/gassien.com\\\/#website\"},\"primaryImageOfPage\":{\"@id\":\"https:\\\/\\\/www.gassien.com\\\/de\\\/produkt\\\/wandregal-sienna\\\/#primaryimage\"},\"image\":{\"@id\":\"https:\\\/\\\/www.gassien.com\\\/de\\\/produkt\\\/wandregal-sienna\\\/#primaryimage\"},\"thumbnailUrl\":\"https:\\\/\\\/www.gassien.com\\\/wp-content\\\/uploads\\\/2017\\\/10\\\/15_GF_Laiton-3.jpg\",\"datePublished\":\"2017-10-25T08:39:41+00:00\",\"description\":\"Wandregal Sienna, individualisierbar. W\u00e4hlen Sie aus 3 Farben f\u00fcr die Basen und 4 Oberfl\u00e4chenvarianten f\u00fcr die Regalbretter. Hergestellt in Frankreich. Gassien\",\"breadcrumb\":{\"@id\":\"https:\\\/\\\/www.gassien.com\\\/de\\\/produkt\\\/wandregal-sienna\\\/#breadcrumb\"},\"inLanguage\":\"de\",\"potentialAction\":[{\"@type\":\"ReadAction\",\"target\":[\"https:\\\/\\\/www.gassien.com\\\/de\\\/produkt\\\/wandregal-sienna\\\/\"]}]},{\"@type\":\"ImageObject\",\"inLanguage\":\"de\",\"@id\":\"https:\\\/\\\/www.gassien.com\\\/de\\\/produkt\\\/wandregal-sienna\\\/#primaryimage\",\"url\":\"https:\\\/\\\/www.gassien.com\\\/wp-content\\\/uploads\\\/2017\\\/10\\\/15_GF_Laiton-3.jpg\",\"contentUrl\":\"https:\\\/\\\/www.gassien.com\\\/wp-content\\\/uploads\\\/2017\\\/10\\\/15_GF_Laiton-3.jpg\",\"width\":1000,\"height\":1000},{\"@type\":\"BreadcrumbList\",\"@id\":\"https:\\\/\\\/www.gassien.com\\\/de\\\/produkt\\\/wandregal-sienna\\\/#breadcrumb\",\"itemListElement\":[{\"@type\":\"ListItem\",\"position\":1,\"name\":\"Gesch\u00e4ft\",\"item\":\"https:\\\/\\\/www.gassien.com\\\/shop\\\/\"},{\"@type\":\"ListItem\",\"position\":2,\"name\":\"Wandregal Sienna\"}]},{\"@type\":\"WebSite\",\"@id\":\"https:\\\/\\\/gassien.com\\\/#website\",\"url\":\"https:\\\/\\\/gassien.com\\\/\",\"name\":\"Gassien\",\"description\":\"L&#039;\u00e9tag\u00e8re modulable\",\"publisher\":{\"@id\":\"https:\\\/\\\/gassien.com\\\/#organization\"},\"potentialAction\":[{\"@type\":\"SearchAction\",\"target\":{\"@type\":\"EntryPoint\",\"urlTemplate\":\"https:\\\/\\\/gassien.com\\\/?s={search_term_string}\"},\"query-input\":{\"@type\":\"PropertyValueSpecification\",\"valueRequired\":true,\"valueName\":\"search_term_string\"}}],\"inLanguage\":\"de\"},{\"@type\":\"Organization\",\"@id\":\"https:\\\/\\\/gassien.com\\\/#organization\",\"name\":\"Gassien\",\"url\":\"https:\\\/\\\/gassien.com\\\/\",\"logo\":{\"@type\":\"ImageObject\",\"inLanguage\":\"de\",\"@id\":\"https:\\\/\\\/gassien.com\\\/#\\\/schema\\\/logo\\\/image\\\/\",\"url\":\"https:\\\/\\\/www.gassien.com\\\/wp-content\\\/uploads\\\/2017\\\/01\\\/logo.png\",\"contentUrl\":\"https:\\\/\\\/www.gassien.com\\\/wp-content\\\/uploads\\\/2017\\\/01\\\/logo.png\",\"width\":896,\"height\":328,\"caption\":\"Gassien\"},\"image\":{\"@id\":\"https:\\\/\\\/gassien.com\\\/#\\\/schema\\\/logo\\\/image\\\/\"},\"sameAs\":[\"https:\\\/\\\/www.facebook.com\\\/gassienparis\",\"https:\\\/\\\/www.instagram.com\\\/gassienparis\",\"https:\\\/\\\/fr.pinterest.com\\\/gassienparis\\\/\"]}]}<\/script>\n<!-- \/ Yoast SEO plugin. -->","yoast_head_json":{"title":"Wandregal Sienna - Gassien Paris - Online-Kauf","description":"Wandregal Sienna, individualisierbar. W\u00e4hlen Sie aus 3 Farben f\u00fcr die Basen und 4 Oberfl\u00e4chenvarianten f\u00fcr die Regalbretter. Hergestellt in Frankreich. Gassien","robots":{"index":"index","follow":"follow","max-snippet":"max-snippet:-1","max-image-preview":"max-image-preview:large","max-video-preview":"max-video-preview:-1"},"canonical":"https:\/\/www.gassien.com\/de\/produkt\/wandregal-sienna\/","og_locale":"de_DE","og_type":"article","og_title":"Wandregal Sienna - Gassien Paris - Online-Kauf","og_description":"Wandregal Sienna, individualisierbar. W\u00e4hlen Sie aus 3 Farben f\u00fcr die Basen und 4 Oberfl\u00e4chenvarianten f\u00fcr die Regalbretter. Hergestellt in Frankreich. Gassien","og_url":"https:\/\/www.gassien.com\/de\/produkt\/wandregal-sienna\/","og_site_name":"Gassien","article_publisher":"https:\/\/www.facebook.com\/gassienparis","twitter_card":"summary_large_image","schema":{"@context":"https:\/\/schema.org","@graph":[{"@type":"WebPage","@id":"https:\/\/www.gassien.com\/de\/produkt\/wandregal-sienna\/","url":"https:\/\/www.gassien.com\/de\/produkt\/wandregal-sienna\/","name":"Wandregal Sienna - Gassien Paris - Online-Kauf","isPartOf":{"@id":"https:\/\/gassien.com\/#website"},"primaryImageOfPage":{"@id":"https:\/\/www.gassien.com\/de\/produkt\/wandregal-sienna\/#primaryimage"},"image":{"@id":"https:\/\/www.gassien.com\/de\/produkt\/wandregal-sienna\/#primaryimage"},"thumbnailUrl":"https:\/\/www.gassien.com\/wp-content\/uploads\/2017\/10\/15_GF_Laiton-3.jpg","datePublished":"2017-10-25T08:39:41+00:00","description":"Wandregal Sienna, individualisierbar. W\u00e4hlen Sie aus 3 Farben f\u00fcr die Basen und 4 Oberfl\u00e4chenvarianten f\u00fcr die Regalbretter. Hergestellt in Frankreich. Gassien","breadcrumb":{"@id":"https:\/\/www.gassien.com\/de\/produkt\/wandregal-sienna\/#breadcrumb"},"inLanguage":"de","potentialAction":[{"@type":"ReadAction","target":["https:\/\/www.gassien.com\/de\/produkt\/wandregal-sienna\/"]}]},{"@type":"ImageObject","inLanguage":"de","@id":"https:\/\/www.gassien.com\/de\/produkt\/wandregal-sienna\/#primaryimage","url":"https:\/\/www.gassien.com\/wp-content\/uploads\/2017\/10\/15_GF_Laiton-3.jpg","contentUrl":"https:\/\/www.gassien.com\/wp-content\/uploads\/2017\/10\/15_GF_Laiton-3.jpg","width":1000,"height":1000},{"@type":"BreadcrumbList","@id":"https:\/\/www.gassien.com\/de\/produkt\/wandregal-sienna\/#breadcrumb","itemListElement":[{"@type":"ListItem","position":1,"name":"Gesch\u00e4ft","item":"https:\/\/www.gassien.com\/shop\/"},{"@type":"ListItem","position":2,"name":"Wandregal Sienna"}]},{"@type":"WebSite","@id":"https:\/\/gassien.com\/#website","url":"https:\/\/gassien.com\/","name":"Gassien","description":"L&#039;\u00e9tag\u00e8re modulable","publisher":{"@id":"https:\/\/gassien.com\/#organization"},"potentialAction":[{"@type":"SearchAction","target":{"@type":"EntryPoint","urlTemplate":"https:\/\/gassien.com\/?s={search_term_string}"},"query-input":{"@type":"PropertyValueSpecification","valueRequired":true,"valueName":"search_term_string"}}],"inLanguage":"de"},{"@type":"Organization","@id":"https:\/\/gassien.com\/#organization","name":"Gassien","url":"https:\/\/gassien.com\/","logo":{"@type":"ImageObject","inLanguage":"de","@id":"https:\/\/gassien.com\/#\/schema\/logo\/image\/","url":"https:\/\/www.gassien.com\/wp-content\/uploads\/2017\/01\/logo.png","contentUrl":"https:\/\/www.gassien.com\/wp-content\/uploads\/2017\/01\/logo.png","width":896,"height":328,"caption":"Gassien"},"image":{"@id":"https:\/\/gassien.com\/#\/schema\/logo\/image\/"},"sameAs":["https:\/\/www.facebook.com\/gassienparis","https:\/\/www.instagram.com\/gassienparis","https:\/\/fr.pinterest.com\/gassienparis\/"]}]}},"_links":{"self":[{"href":"https:\/\/www.gassien.com\/de\/wp-json\/wp\/v2\/product\/10963","targetHints":{"allow":["GET"]}}],"collection":[{"href":"https:\/\/www.gassien.com\/de\/wp-json\/wp\/v2\/product"}],"about":[{"href":"https:\/\/www.gassien.com\/de\/wp-json\/wp\/v2\/types\/product"}],"wp:featuredmedia":[{"embeddable":true,"href":"https:\/\/www.gassien.com\/de\/wp-json\/wp\/v2\/media\/10976"}],"wp:attachment":[{"href":"https:\/\/www.gassien.com\/de\/wp-json\/wp\/v2\/media?parent=10963"}],"wp:term":[{"taxonomy":"product_brand","embeddable":true,"href":"https:\/\/www.gassien.com\/de\/wp-json\/wp\/v2\/product_brand?post=10963"},{"taxonomy":"product_cat","embeddable":true,"href":"https:\/\/www.gassien.com\/de\/wp-json\/wp\/v2\/product_cat?post=10963"},{"taxonomy":"product_tag","embeddable":true,"href":"https:\/\/www.gassien.com\/de\/wp-json\/wp\/v2\/product_tag?post=10963"}],"curies":[{"name":"wp","href":"https:\/\/api.w.org\/{rel}","templated":true}]}}

<p><strong>Regal bestehend aus</strong>:</p>
<ul>
<li>1 Wandbasis GF L80cm, H77cm</li>
<li>1 Brett L40cm, T15cm</li>
<li>1 Brett L40cm, T20cm</li>
<li>1 Brett L60cm, T15cm</li>
<li>1 Brett L60cm, T20cm</li>
<li>4 Paar Aufhängungen T1</li>
</ul>
<p><strong>Materialien</strong></p>
<p>Wandbasis: pulverbeschichteter Stahl</p>
<p>Bretter: Holz aus nachhaltiger Forstwirtschaft, lösemittelfreie Farben und Lacke; massives Eichenholz mit Lackierung, Birken-Multiplex mit Lackierung, schwarz oder weiß lackierte MDF</p>
<p><strong>Hergestellt</strong> in Frankreich</p>
<p><b>Zulässiges Maximalgewicht</b>: 15kg pro Brett, vorausgesetzt, dass die für die Wandbasen verwendeten Befestigungen zur Beschaffenheit der Wand passen</p>
<p><b>Verpackung:</b> Set bestehend aus Wandbasis(en), Brettern und Aufhängungen</p>
<p>Zur Selbstmontage</p>
<p>&nbsp;</p>

<p>Regal bestehend aus: 1 Wandbasis GF L80cm, H77cm 1 Brett L40cm, T15cm 1 Brett L40cm, T20cm 1 Brett L60cm, T15cm 1 Brett L60cm, T20cm 4 Paar Aufhängungen T1 Materialien Wandbasis: pulverbeschichteter Stahl Bretter: Holz aus nachhaltiger Forstwirtschaft, lösemittelfreie Farben und Lacke; massives Eichenholz mit Lackierung, Birken-Multiplex mit Lackierung, schwarz oder weiß lackierte MDF Hergestellt in</p>
<div><a class="btn-filled btn" href="https://www.gassien.com/de/produkt/wandregal-sienna/" title="Wandregal Sienna">Read More</a></div>

<!-- This site is optimized with the Yoast SEO plugin v27.4 - https://yoast.com/product/yoast-seo-wordpress/ -->
<title>Wandregal Sienna - Gassien Paris - Online-Kauf</title>
<meta name="description" content="Wandregal Sienna, individualisierbar. Wählen Sie aus 3 Farben für die Basen und 4 Oberflächenvarianten für die Regalbretter. Hergestellt in Frankreich. Gassien" />
<meta name="robots" content="index, follow, max-snippet:-1, max-image-preview:large, max-video-preview:-1" />
<link rel="canonical" href="https://www.gassien.com/de/produkt/wandregal-sienna/" />
<meta property="og:locale" content="de_DE" />
<meta property="og:type" content="article" />
<meta property="og:title" content="Wandregal Sienna - Gassien Paris - Online-Kauf" />
<meta property="og:description" content="Wandregal Sienna, individualisierbar. Wählen Sie aus 3 Farben für die Basen und 4 Oberflächenvarianten für die Regalbretter. Hergestellt in Frankreich. Gassien" />
<meta property="og:url" content="https://www.gassien.com/de/produkt/wandregal-sienna/" />
<meta property="og:site_name" content="Gassien" />
<meta property="article:publisher" content="https://www.facebook.com/gassienparis" />
<meta name="twitter:card" content="summary_large_image" />
<script type="application/ld+json" class="yoast-schema-graph">{"@context":"https:\/\/schema.org","@graph":[{"@type":"WebPage","@id":"https:\/\/www.gassien.com\/de\/produkt\/wandregal-sienna\/","url":"https:\/\/www.gassien.com\/de\/produkt\/wandregal-sienna\/","name":"Wandregal Sienna - Gassien Paris - Online-Kauf","isPartOf":{"@id":"https:\/\/gassien.com\/#website"},"primaryImageOfPage":{"@id":"https:\/\/www.gassien.com\/de\/produkt\/wandregal-sienna\/#primaryimage"},"image":{"@id":"https:\/\/www.gassien.com\/de\/produkt\/wandregal-sienna\/#primaryimage"},"thumbnailUrl":"https:\/\/www.gassien.com\/wp-content\/uploads\/2017\/10\/15_GF_Laiton-3.jpg","datePublished":"2017-10-25T08:39:41+00:00","description":"Wandregal Sienna, individualisierbar. Wählen Sie aus 3 Farben für die Basen und 4 Oberflächenvarianten für die Regalbretter. Hergestellt in Frankreich. Gassien","breadcrumb":{"@id":"https:\/\/www.gassien.com\/de\/produkt\/wandregal-sienna\/#breadcrumb"},"inLanguage":"de","potentialAction":[{"@type":"ReadAction","target":["https:\/\/www.gassien.com\/de\/produkt\/wandregal-sienna\/"]}]},{"@type":"ImageObject","inLanguage":"de","@id":"https:\/\/www.gassien.com\/de\/produkt\/wandregal-sienna\/#primaryimage","url":"https:\/\/www.gassien.com\/wp-content\/uploads\/2017\/10\/15_GF_Laiton-3.jpg","contentUrl":"https:\/\/www.gassien.com\/wp-content\/uploads\/2017\/10\/15_GF_Laiton-3.jpg","width":1000,"height":1000},{"@type":"BreadcrumbList","@id":"https:\/\/www.gassien.com\/de\/produkt\/wandregal-sienna\/#breadcrumb","itemListElement":[{"@type":"ListItem","position":1,"name":"Geschäft","item":"https:\/\/www.gassien.com\/shop\/"},{"@type":"ListItem","position":2,"name":"Wandregal Sienna"}]},{"@type":"WebSite","@id":"https:\/\/gassien.com\/#website","url":"https:\/\/gassien.com\/","name":"Gassien","description":"L&#039;étagère modulable","publisher":{"@id":"https:\/\/gassien.com\/#organization"},"potentialAction":[{"@type":"SearchAction","target":{"@type":"EntryPoint","urlTemplate":"https:\/\/gassien.com\/?s={search_term_string}"},"query-input":{"@type":"PropertyValueSpecification","valueRequired":true,"valueName":"search_term_string"}}],"inLanguage":"de"},{"@type":"Organization","@id":"https:\/\/gassien.com\/#organization","name":"Gassien","url":"https:\/\/gassien.com\/","logo":{"@type":"ImageObject","inLanguage":"de","@id":"https:\/\/gassien.com\/#\/schema\/logo\/image\/","url":"https:\/\/www.gassien.com\/wp-content\/uploads\/2017\/01\/logo.png","contentUrl":"https:\/\/www.gassien.com\/wp-content\/uploads\/2017\/01\/logo.png","width":896,"height":328,"caption":"Gassien"},"image":{"@id":"https:\/\/gassien.com\/#\/schema\/logo\/image\/"},"sameAs":["https:\/\/www.facebook.com\/gassienparis","https:\/\/www.instagram.com\/gassienparis","https:\/\/fr.pinterest.com\/gassienparis\/"]}]}</script>
<!-- / Yoast SEO plugin. -->

Wandregal Sienna, individualisierbar. Wählen Sie aus 3 Farben für die Basen und 4 Oberflächenvarianten für die Regalbretter. Hergestellt in Frankreich. Gassien

Geschäft

L&#039;étagère modulable
